{"id":101339,"date":"2022-12-24T09:26:47","date_gmt":"2022-12-24T09:26:47","guid":{"rendered":"https:\/\/xn--philippe-laurenon-osb.fr\/?post_type=portfolio&#038;p=101339"},"modified":"2024-03-01T09:32:31","modified_gmt":"2024-03-01T09:32:31","slug":"choro-chronos","status":"publish","type":"portfolio","link":"https:\/\/xn--philippe-laurenon-osb.fr\/?portfolio=choro-chronos","title":{"rendered":"CHORO-CHRONOS"},"content":{"rendered":"<div class=\"wpb-content-wrapper\"><p>[vc_row][vc_column width=\u00a0\u00bb1\/2&Prime;][vc_column_text uncode_shortcode_id=\u00a0\u00bb749698&Prime;]CHORO-CHRONOS est une s\u00e9rie r\u00e9alis\u00e9e pendant SECRET (temps II) et TERCES de <a href=\"https:\/\/www.johannleguillerm.com\/\">Johann Le Guillerm<\/a> \u00ab\u00a0Cirque ici\u00a0\u00bb. Celle-ci se poursuit autour des installations plastiques de Johann Le Guillerm dans le cadre de son projet ATTRACTION.[\/vc_column_text][\/vc_column][vc_column width=\u00a0\u00bb1\/2&Prime;][vc_column_text uncode_shortcode_id=\u00a0\u00bb156505&Prime;]Le temps d&rsquo;une repr\u00e9sentation de SECRET (Temps II), un monde en expansion se dessine sous nos yeux depuis son point d&rsquo;origine o\u00f9 arrivent les lumi\u00e8res et les mati\u00e8res, jusqu&rsquo;\u00e0 son point final quand l&rsquo;obscurit\u00e9 revient, dans un \u00e9quilibre d&rsquo;interactions que manipulent Johann Le Guillerm[\/vc_column_text][\/vc_column][\/vc_row][vc_row][vc_column width=\u00a0\u00bb1\/1&Prime;][vc_gallery el_id=\u00a0\u00bbgallery-667725&Prime; medias=\u00a0\u00bb101340,101341,101342&Prime; gutter_size=\u00a0\u00bb3&Prime; screen_lg=\u00a0\u00bb1000&Prime; screen_md=\u00a0\u00bb600&Prime; screen_sm=\u00a0\u00bb480&Prime; images_size=\u00a0\u00bbone-one\u00a0\u00bb single_overlay_opacity=\u00a0\u00bb50&Prime; single_padding=\u00a0\u00bb2&Prime; uncode_shortcode_id=\u00a0\u00bb828439&Prime;][\/vc_column][\/vc_row]<\/p>\n<\/div>","protected":false},"excerpt":{"rendered":"<p>[vc_row][vc_column width=\u00a0\u00bb1\/2&Prime;][vc_column_text uncode_shortcode_id=\u00a0\u00bb749698&Prime;]CHORO-CHRONOS est une s\u00e9rie r\u00e9alis\u00e9e pendant SECRET (temps II) et TERCES de Johann Le Guillerm \u00ab\u00a0Cirque ici\u00a0\u00bb. Celle-ci [&hellip;]<\/p>\n","protected":false},"author":2,"featured_media":101340,"parent":0,"menu_order":0,"comment_status":"closed","ping_status":"closed","template":"","meta":{"footnotes":""},"portfolio_category":[],"class_list":["post-101339","portfolio","type-portfolio","status-publish","has-post-thumbnail","hentry"],"_links":{"self":[{"href":"https:\/\/xn--philippe-laurenon-osb.fr\/index.php?rest_route=\/wp\/v2\/portfolio\/101339","targetHints":{"allow":["GET"]}}],"collection":[{"href":"https:\/\/xn--philippe-laurenon-osb.fr\/index.php?rest_route=\/wp\/v2\/portfolio"}],"about":[{"href":"https:\/\/xn--philippe-laurenon-osb.fr\/index.php?rest_route=\/wp\/v2\/types\/portfolio"}],"author":[{"embeddable":true,"href":"https:\/\/xn--philippe-laurenon-osb.fr\/index.php?rest_route=\/wp\/v2\/users\/2"}],"replies":[{"embeddable":true,"href":"https:\/\/xn--philippe-laurenon-osb.fr\/index.php?rest_route=%2Fwp%2Fv2%2Fcomments&post=101339"}],"version-history":[{"count":6,"href":"https:\/\/xn--philippe-laurenon-osb.fr\/index.php?rest_route=\/wp\/v2\/portfolio\/101339\/revisions"}],"predecessor-version":[{"id":101395,"href":"https:\/\/xn--philippe-laurenon-osb.fr\/index.php?rest_route=\/wp\/v2\/portfolio\/101339\/revisions\/101395"}],"wp:featuredmedia":[{"embeddable":true,"href":"https:\/\/xn--philippe-laurenon-osb.fr\/index.php?rest_route=\/wp\/v2\/media\/101340"}],"wp:attachment":[{"href":"https:\/\/xn--philippe-laurenon-osb.fr\/index.php?rest_route=%2Fwp%2Fv2%2Fmedia&parent=101339"}],"wp:term":[{"taxonomy":"portfolio_category","embeddable":true,"href":"https:\/\/xn--philippe-laurenon-osb.fr\/index.php?rest_route=%2Fwp%2Fv2%2Fportfolio_category&post=101339"}],"curies":[{"name":"wp","href":"https:\/\/api.w.org\/{rel}","templated":true}]}}

<div class="wpb-content-wrapper"><p>[vc_row][vc_column width= »1/2&Prime;][vc_column_text uncode_shortcode_id= »749698&Prime;]CHORO-CHRONOS est une série réalisée pendant SECRET (temps II) et TERCES de <a href="https://www.johannleguillerm.com/">Johann Le Guillerm</a> « Cirque ici ». Celle-ci se poursuit autour des installations plastiques de Johann Le Guillerm dans le cadre de son projet ATTRACTION.[/vc_column_text][/vc_column][vc_column width= »1/2&Prime;][vc_column_text uncode_shortcode_id= »156505&Prime;]Le temps d&rsquo;une représentation de SECRET (Temps II), un monde en expansion se dessine sous nos yeux depuis son point d&rsquo;origine où arrivent les lumières et les matières, jusqu&rsquo;à son point final quand l&rsquo;obscurité revient, dans un équilibre d&rsquo;interactions que manipulent Johann Le Guillerm[/vc_column_text][/vc_column][/vc_row][vc_row][vc_column width= »1/1&Prime;][vc_gallery el_id= »gallery-667725&Prime; medias= »101340,101341,101342&Prime; gutter_size= »3&Prime; screen_lg= »1000&Prime; screen_md= »600&Prime; screen_sm= »480&Prime; images_size= »one-one » single_overlay_opacity= »50&Prime; single_padding= »2&Prime; uncode_shortcode_id= »828439&Prime;][/vc_column][/vc_row]</p>
</div>

<p>[vc_row][vc_column width= »1/2&Prime;][vc_column_text uncode_shortcode_id= »749698&Prime;]CHORO-CHRONOS est une série réalisée pendant SECRET (temps II) et TERCES de Johann Le Guillerm « Cirque ici ». Celle-ci [&hellip;]</p>
